igit of x(-2)?
1
Let o = -97 + 166. What is the units digit of o?
9
Suppose -4*p + 23724 = 14*p. What is the thousands digit of p?
1
Let u(r) = -r**3 + r**2 - 2. Let g = -32 + 32. Let n be u(g). Let i(b) = 11*b**2 + b - 2. What is the units digit of i(n)?
0
Let o(n) = -3*n**2 - 121*n**3 - 10*n**2 + 14*n**2 - 3 - n. What is the tens digit of o(-1)?
2
Let b(x) = x**3 + 18*x**2 + 24*x - 65. Let o be b(-16). Suppose -111 + 33 = -2*t. Let d = o - t. What is the tens digit of d?
2
What is the hundreds digit of 3584 + 8/((-72)/(-81))?
5
Suppose -4*l - 9*b + 6*b + 14328 = 0, l = 5*b + 3605. What is the hundreds digit of l?
5
Suppose -7*h + 12174 = -1280. What is the tens digit of h?
2
Suppose 4*y - g - 270 = g, -4*y + 5*g = -285. What is the units digit of y?
5
Suppose y - q = 3*q + 2, -4 = -2*y + q. Suppose 3*d - 95 = 4*p, -y*d - p = 2*p - 35. What is the tens digit of d?
2
Suppose 20*o = -22*o + 8988. What is the units digit of o?
4
Let h = -11 + -18. Suppose x + 2*l - 62 = 0, -5*x + 292 = l + 3*l. Let i = x + h. What is the tens digit of i?
2
Let g = 40 - -32. Suppose -14*u + 13*u = -g. What is the tens digit of u?
7
Let s(b) = -108*b + 152. What is the hundreds digit of s(-16)?
8
Let m(n) = n**2 + 97. Let h be m(0). Let t = 74 - 22. Suppose -l = 2*f - h + 7, -t = -f - 4*l. What is the tens digit of f?
4
Suppose 1 - 11 = n. Let c be 126/n - (-6)/(-15). Let v = -4 - c. What is the units digit of v?
9
Let o = 3 + 2. Suppose -5 = o*v, -y + v = -4 - 3. What is the units digit of y?
6
Let k(c) be the first derivative of 3*c**3 - 13*c**2/2 - 3*c - 2. Let s(f) = 4*f**2 - 6*f - 2. Let a(y) = -3*k(y) + 7*s(y). What is the tens digit of a(7)?
2
Let q be (-6)/(-2) - (5 + -8). Suppose -q*u = -u - 585. Suppose 7*f = 4*f + 2*k + 92, 4*f = -3*k + u. What is the tens digit of f?
3
Let q = -1869 + 2619. What is the tens digit of q?
5
Let m = 859 - 614. Suppose -m = 23*b - 24*b. What is the units digit of b?
5
Suppose -t - u - 20 = -160, 0 = -2*t - 4*u + 280. Let s be (-12)/9*(4 - 1). What is the tens digit of ((-6)/s)/(21/t)?
1
Suppose 5*d - 4*l = 6606, 3*d - 13*l = -11*l + 3964. What is the tens digit of d?
2
Let t = -2138 + 1318. Suppose 5*k - m - 43 = 29, -38 = -2*k + 5*m. What is the tens digit of t/(-28) + (-4)/k?
2
Suppose -8*z + 26*z - 16380 = 0. What is the tens digit of z?
1
Let i(t) = 33*t**2 + 2*t - 2. Suppose 33*s - 35*s + 2 = 0. Let d be i(s). Suppose -d = -5*y + 22. What is the tens digit of y?
1
Let u(q) = -q - 4. Let s be u(-7). Suppose 0 = -3*l - s, -3*g - l - 81 = -8*g. What is the tens digit of g?
1
Suppose 8*p + 26*p = 30838. What is the units digit of p?
7
What is the hundreds digit of 5670*(13 + (-407)/33)?
7
Suppose 0 = 8*y + 2*y - 7*y. What is the tens digit of (-12)/(y + 2/(-11))?
6
What is the units digit of (-4)/(-1)*1*(-873)/(-6)?
2
Suppose -i = -8 - 2. Let j be 4/20 - 242/i. What is the tens digit of -3 + 3 - j - -1?
2
Suppose -m + 697 = 3*i, 0 = 23*m - 26*m - 4*i + 2096. What is the tens digit of m?
0
Suppose 81*o + 9*o - 241920 = 0. What is the thousands digit of o?
2
Let f = -108 - -749. What is the tens digit of f?
4
Let v(t) = t + 24. Let k be v(0). Let b be (k - 15)/((-2)/(-2)). What is the units digit of (-2)/b + (-120)/(-54)?
2
Let i = -15 - -19. Suppose -i = 2*p, c - 59 = -p + 4*p. What is the tens digit of c?
5
Let t(s) = s**3 + 1 + 0*s**3 + 14*s**2 - 17*s**2 - 5*s. Let j = 18 - 13. What is the units digit of t(j)?
6
Let s = -68 + 69. What is the tens digit of (s - -1)*(145/2 - 3)?
3
Let t be (((-30)/(-9))/5)/((-2)/3). What is the tens digit of t*2*-1*(-1 + 26)?
5
Let j(o) = 3*o**2 + 57*o - 31. What is the tens digit of j(-24)?
2
Let v be 24/((-6)/(-16)*4). Let i be v/4*(-6)/(-3). Suppose -2*l = 2 + i, j - 33 = 2*l. What is the units digit of j?
3
Suppose 2 - 10 = -4*f. Suppose -2*q = f*q. What is the units digit of q + 3 + (-8)/4?
1
Let m = -6 - -6. Suppose -4 = -2*c - m, -j + 7 = -c. Let b(t) = t**2 - 8*t + 8. What is the units digit of b(j)?
7
Let h = -3523 - 35. What is the units digit of 18/(-42) + (-1)/(21/h)?
9
What is the units digit of (217/(-77) - -3) + (-11986)/(-22)?
5
Let v be (-1003)/(-3) - (20/6 - 3). Suppose -10*m + 2504 = v. What is the hundreds digit of m?
2
Suppose 2*x + 10 = -4*h, 2*x + 3*h + 27 = 7*x. Suppose -2*r + 293 = x*j, -56 - 39 = -j - 2*r. What is the tens digit of j?
9
Let a(p) = 15*p + 7. Let x = -30 - -34. What is the units digit of a(x)?
7
Let p = 162 + -87. What is the units digit of p/(4 - (0 + 3))?
5
Let r = 8007 + -4242. What is the units digit of r?
5
Let r(k) = k**3 - 5*k**2 + 3*k + 6. Let l be r(4). Suppose 0 = 2*x + l*u - 224, -4*u + 0 = 20. What is the tens digit of x?
1
Suppose -o - o = 3*f - 124, -3*o - 2*f + 191 = 0. Let u(k) = 3*k**2 + 2*k - 1. Let d be u(1). Suppose d*n - 7 = o. What is the tens digit of n?
1
Let z = 8 - -18. What is the tens digit of (48/z - (-6)/39) + 223?
2
Let g = -7985 + 13706. What is the units digit of g?
1
Let x(m) = -m**2 + 12*m + 3. Let j be x(12). Suppose g + j*i = 39, 0*g = -g + 4*i + 39. What is the tens digit of g?
3
Let g(r) = r**2 - r - 2. Let s be g(-4). Let q = s - 14. Let a(p) = p**2 + p + 1. What is the tens digit of a(q)?
2
Suppose 3*u + 1022 = 5*u. Suppose 2*b = u - 21. Suppose j - 5*p = 6*j - b, 0 = 4*j - 3*p - 161. What is the units digit of j?
4
Let m(j) = 127*j**2 + 11*j + 11. What is the units digit of m(-1)?
7
Let t(m) be the third derivative of -m**4/4 + 3*m**2. Suppose 0 = -8*l + 2*l - 12. What is the units digit of t(l)?
2
Suppose 17*g - 56506 - 4116 = 0. What is the units digit of g?
6
Let l be (61/1)/((-3)/(-3)). Suppose -3*c + 7*c + 18 = 5*n, 2*c = -4. Suppose 0 = -4*q - 0*q + 2*z + 102, n*q = 3*z + l. What is the units digit of q?
3
Let g = -8 - -15. Let h be g/3 - 12/(-18). Let k = 6 + h. What is the units digit of k?
9
Let g(c) = -152*c + 15. What is the hundreds digit of g(-2)?
3
Suppose -41*n + 288 = -39*n. What is the tens digit of n?
4
Let j = 68 + 307. What is the units digit of j?
5
Let m(k) = 302*k**3 + k**2 + k - 4. What is the units digit of m(2)?
8
Let h be 20/(-16) - (-2)/8. What is the units digit of (10 - (1 - h))*(6 - 5)?
8
Let q be ((-2)/(-3))/(4/138). Suppose 502 + 733 = 19*g. Suppose -q = 2*w - g. What is the tens digit of w?
2
Let n = -2 - -4. Suppose 6*x - 17 - 7 = 0. What is the tens digit of 6/x - (-45)/n?
2
Let i be -15*((-4)/6)/2. Let h be 3/i + 574/35. Suppose 3*c = h + 100. What is the units digit of c?
9
Let q(m) = 21*m**2 - m. Let n be q(1). Suppose -3 + n = j. Suppose 83 = 2*y - j. What is the tens digit of y?
5
Suppose -47 = -5*c - 2*y, 5*c + 0*y - 49 = -4*y. Let t = 12 + c. What is the tens digit of t?
2
Suppose -2*n - l = 29, 2*l - 77 = -4*n + 9*n. Let w be ((-15)/(-4))/(3/64). Let u = w + n. What is the tens digit of u?
6
Let u = 92 + -85. Suppose -u*i + 9*i - 176 = 0. What is the tens digit of i?
8
Let s(a) = 3*a**2 + 11*a - 30. Let u be s(12). Suppose -b - 5*b + u = 0. What is the tens digit of b?
8
Let g(q) = q**3 - 6*q**2 - 12*q - 23. What is the units digit of g(8)?
9
Let u = 29 - 23. Let l(h) = 5*h + 1. What is the units digit of l(u)?
1
Let h(i) = 3*i**2 + 130*i + 210. What is the tens digit of h(-53)?
4
Let b(v) = 5*v + 596. What is the tens digit of b(44)?
1
Let n = 14 + -7. Suppose 0 = -6*o + n*o - 120. What is the hundreds digit of o?
1
Suppose 14 = p + 3*a - a, p - 3*a = -6. Suppose 0 = -b + 15 - p. What is the units digit of b?
9
Let d(g) = -4*g - 3*g + 0*g**3 + g**3 - 10 + 7*g**2 + 0*g**2. What is the units digit of d(-7)?
9
Let q = 109 - 72. Suppose -4*a = 9 - q. Let o(t) = 2*t - 2. What is the units digit of o(a)?
2
Suppose 5*a - 3465 = -4*w, -4*a - 9*w = -10*w - 2793. What is the units digit of a?
7
Suppose 54941 = 26*j + 1875. What is the tens digit of j?
4
Let p(u) = -u**2 + 7*u. Let m = -13 - -16. Suppose m*y = 3*w + 24, 5*y - 11 + 1 = -5*w. What is the tens digit of p(y)?
1
Suppose 4*d - 541 = v, 83 = -3*d - v + 494. What is the tens digit of d?
3
Let g(n) = -n**3 + 2*n**2. Let k be g(2). Let i(f) = -f**3 - f**2 - 2*f + 2. What is the units digit of i(k)?
2
Let l(y) = 4*y - 2. Let s be l(4). Let m(d) = 4*d**2 + 36 + 9*d**2 - d**3 + 14*d - 18. What is the units digit of m(s)?
8
Let v(s) = -s**3 + 19*s**2 + 94*s + 61. What is the tens digit of v(22)?
7
Suppose -2*d + 14 = 